remainder when 226222 is divided by 219.
214
Calculate the remainder when 3484 is divided by 138.
34
Calculate the remainder when 41308 is divided by 17.
15
What is the remainder when 1205 is divided by 908?
297
Calculate the remainder when 1664058 is divided by 18.
12
Calculate the remainder when 17812 is divided by 68.
64
Calculate the remainder when 29998 is divided by 30.
28
Calculate the remainder when 58894 is divided by 145.
24
Calculate the remainder when 7192 is divided by 189.
10
What is the remainder when 1316 is divided by 445?
426
Calculate the remainder when 13130 is divided by 98.
96
What is the remainder when 452566 is divided by 53?
52
Calculate the remainder when 96449 is divided by 414.
401
Calculate the remainder when 10097 is divided by 17.
16
Calculate the remainder when 158323 is divided by 79161.
1
What is the remainder when 20482 is divided by 3291?
736
What is the remainder when 12320 is divided by 6160?
0
Calculate the remainder when 23523 is divided by 2613.
6
Calculate the remainder when 123071 is divided by 1129.
10
Calculate the remainder when 1199337 is divided by 1291.
1289
What is the remainder when 2318393 is divided by 916?
913
Calculate the remainder when 2262 is divided by 2229.
33
What is the remainder when 5187237 is divided by 98?
97
Calculate the remainder when 45438 is divided by 18.
6
Calculate the remainder when 1108 is divided by 352.
52
Calculate the remainder when 4445 is divided by 11.
1
Calculate the remainder when 80244 is divided by 535.
529
Calculate the remainder when 547 is divided by 425.
122
Calculate the remainder when 551974 is divided by 211.
209
Calculate the remainder when 138826 is divided by 67.
2
Calculate the remainder when 28990 is divided by 179.
171
Calculate the remainder when 14067 is divided by 2006.
25
Calculate the remainder when 2805 is divided by 472.
445
What is the remainder when 1928 is divided by 183?
98
What is the remainder when 32814 is divided by 40?
14
Calculate the remainder when 44555 is divided by 493.
185
Calculate the remainder when 103307 is divided by 257.
250
Calculate the remainder when 78907 is divided by 1141.
178
What is the remainder when 43998 is divided by 7322?
66
What is the remainder when 15305 is divided by 31?
22
Calculate the remainder when 198244 is divided by 38.
36
Calculate the remainder when 63268 is divided by 216.
196
What is the remainder when 13864 is divided by 13860?
4
What is the remainder when 479118 is divided by 10?
8
Calculate the remainder when 119260 is divided by 39.
37
Calculate the remainder when 261599 is divided by 327.
326
Calculate the remainder when 9124 is divided by 483.
430
Calculate the remainder when 14739 is divided by 33.
21
What is the remainder when 9557 is divided by 9347?
210
What is the remainder when 48257 is divided by 1787?
8
What is the remainder when 190357 is divided by 131?
14
What is the remainder when 106342 is divided by 38?
18
What is the remainder when 12255 is divided by 249?
54
What is the remainder when 4057 is divided by 1344?
25
What is the remainder when 18392 is divided by 42?
38
Calculate the remainder when 224531 is divided by 25.
6
Calculate the remainder when 756 is divided by 212.
120
What is the remainder when 11431 is divided by 207?
46
Calculate the remainder when 3643 is divided by 328.
35
Calculate the remainder when 269049 is divided by 64.
57
What is the remainder when 1210 is divided by 1174?
36
What is the remainder when 11127 is divided by 3701?
24
What is the remainder when 3175 is divided by 1053?
16
What is the remainder when 152 is divided by 73?
6
What is the remainder when 826 is divided by 130?
46
Calculate the remainder when 365492 is divided by 776.
772
Calculate the remainder when 18254 is divided by 9125.
4
What is the remainder when 2254 is divided by 814?
626
Calculate the remainder when 4513 is divided by 1119.
37
What is the remainder when 16094 is divided by 328?
22
What is the remainder when 2342 is divided by 648?
398
Calculate the remainder when 173939 is divided by 19.
13
What is the remainder when 40382 is divided by 8040?
182
Calculate the remainder when 21602 is divided by 34.
12
Calculate the remainder when 60772 is divided by 70.
12
Calculate the remainder when 3399 is divided by 200.
199
What is the remainder when 627639 is divided by 568?
567
What is the remainder when 17524 is divided by 767?
650
Calculate the remainder when 18054 is divided by 18011.
43
What is the remainder when 72607 is divided by 210?
157
What is the remainder when 12131 is divided by 128?
99
Calculate the remainder when 110309 is divided by 33.
23
What is the remainder when 96975 is divided by 116?
115
Calculate the remainder when 3487 is divided by 91.
29
What is the remainder when 1336667 is divided by 766?
763
Calculate the remainder when 3886 is divided by 1778.
330
Calculate the remainder when 2119 is divided by 223.
112
Calculate the remainder when 1066386 is divided by 223.
0
What is the remainder when 2363442 is divided by 1647?
1644
What is the remainder when 42697 is divided by 14221?
34
Calculate the remainder when 47020 is divided by 34.
32
What is the remainder when 417874 is divided by 359?
357
Calculate the remainder when 804 is divided by 523.
281
Calculate the remainder when 2160 is divided by 60.
0
Calculate the remainder when 529 is divided by 97.
44
What is the remainder when 10967 is divided by 10783?
184
What is the remainder when 109156 is divided by 30?
16
What is the remainder when 289 is divided by 274?
15
Calculate the remainder when 1199 is divided by 137.
103
Calculate the remainder when 402 is divided by 78.
12
Calculate the remainder when 3320 is divided by 2730.
590
What is the remainder when 15359 is divided by 7662?
35
What is the remainder when 9273 is divided by 4576?
121
What is the remainder when 8249 is divided by 590?
579
What is the remainder when 29745 is divided by 693?
639
Calculate the remainder when 3885 is divided by 656.
605
Calculate the remainder when 9343 is divided by 45.
28
Calculate the remainder when 1666 is divided by 18.
10
What is the remainder when 1070 is divided by 254?
54
What is the remainder when 3205 is divided by 439?
132
What is the remainder when 9100 is divided by 1015?
980
Calculate the remainder when 101923 is divided by 166.
165
What is the remainder when 36063 is divided by 3606?
3
What is the remainder when 62437 is divided by 20806?
19
What is the remainder when 23675 is divided by 148?
143
Calculate the remainder when 17619 is divided by 19.
6
What is the remainder when 356956 is divided by 11?
6
Calculate the remainder when 114598 is divided by 12.
10
Calculate the remainder when 1863 is divided by 61.
33
Calculate the remainder when 23708 is divided by 23694.
14
What is the remainder when 19803 is divided by 2475?
3
Calculate the remainder when 781 is divided by 333.
115
Calculate the remainder when 2905 is divided by 17.
15
Calculate the remainder when 89055 is divided by 736.
735
What is the remainder when 26217 is divided by 410?
387
What is the remainder when 1542 is divided by 133?
79
What is the remainder when 923866 is divided by 6?
4
Calculate the remainder when 67639 is divided by 6134.
165
What is the remainder when 4554 is divided by 3177?
1377
Calculate the remainder when 15604 is divided by 107.
89
Calculate the remainder when 1550 is divided by 64.
14
Calculate the remainder when 214081 is divided by 22.
21
What is the remainder when 444742 is divided by 20?
2
What is the remainder when 364215 is divided by 31?
27
Calculate the remainder when 460359 is divided by 165.
9
What is the remainder when 13576 is divided by 2256?
40
Calculate the remainder when 2682988 is divided by 19.
17
Calculate the remainder when 4285 is divided by 215.
200
What is the remainder when 1093 is divided by 356?
25
What is the remainder when 315096 is divided by 315094?
2
What is the remainder when 11103 is divided by 432?
303
Calculate the remainder when 483949 is divided by 8.
5
Calculate the remainder when 893 is divided by 436.
21
Calculate the remainder when 5965 is divided by 351.
349
Calculate the remainder when 661870 is divided by 161.
160
What is the remainder when 4308 is divided by 60?
4